
Let c(y) = -y**3 + 2*y**2 + 8. Suppose 2*d - 12 = d. Calculate the remainder when d is divided by c(0).
4
Let f(k) = k - 8. Let u be f(5). Let l(p) = p**2 + 2. Let a be l(u). Suppose 9 = 5*n - a. What is the remainder when 6 is divided by n?
2
Let c = -47 - -5. Let t = 98 + c. Suppose 3*d - t = d. What is the remainder when d is divided by 15?
13
Suppose s - 7 = 10. What is the remainder when 84 is divided by s?
16
Let d = 27 - 13. What is the remainder when 39 is divided by d?
11
Suppose -148 = 2*s + 4*x, -66 = 4*s + x + 195. Let u = 116 + s. What is the remainder when u is divided by 18?
16
Let g(u) = -u + 1. Let y(r) = -r**2 + 3*r. Let k be y(4). Calculate the remainder when 14 is divided by g(k).
4
Suppose -54 = -2*l - l. What is the remainder when 33 is divided by l?
15
Calculate the remainder when 11 is divided by 24/(5 + 1) - (-1 - 2).
4
Suppose 3*o = 15, 5*c - o + 2 - 12 = 0. Suppose c*w = 5*w - 6. What is the remainder when 6/(-15) + (-37)/(-5) is divided by w?
1
Let d = 30 - 7. Suppose -50 = -4*x - g - 2, 2*x = 5*g + 46. What is the remainder when d is divided by x?
10
Let k(c) = 3*c**2 + 7*c - 9. Let j be k(6). Calculate the remainder when j/27 + 2/(-9) is divided by 2.
1
Let g(c) = -c**2 - 6*c + 1. What is the remainder when g(-6) is divided by 2/(-4)*(-2 + 0)?
0
Suppose 2*w + 3*y = 217, -3*w - w = 3*y - 419. Let o = w - 18. Suppose 8 - o = -3*s. Calculate the remainder when s is divided by 13.
12
Suppose 4*s = -0*s + 8. What is the remainder when 6 is divided by s?
0
Suppose 3*i + m - 30 = 0, 5*i - 2*i - 4*m - 15 = 0. Calculate the remainder when (11 - 2)*(i - 4) is divided by 12.
9
Suppose -5*b = 4*z - b - 32, -z + 17 = 4*b. Suppose z*y - 126 = 99. Calculate the remainder when y is divided by 23.
22
Suppose -4*h - 15 = h. Let l = 6 + h. Suppose 26*s = 20*s + 30. Calculate the remainder when s is divided by l.
2
Let w be (-8)/(-4)*(-14)/(-4). Suppose -z = -2*z + w. Calculate the remainder when z is divided by 4.
3
Suppose 5*q + 0*q = -5. Let b(a) = 0*a - 1 + 3*a - 6*a. Calculate the remainder when 3 is divided by b(q).
1
Let s(a) = -6*a - 3. Suppose -11 = 5*v + 2*k, -k + 11 = -3*v - 0*k. Calculate the remainder when 43 is divided by s(v).
13
Let v = 56 - 9. Let r be 2/10 - 27/(-15). Let q = r + 14. Calculate the remainder when v is divided by q.
15
Suppose -i + 6 = -0*i. What is the remainder when (0 - -17) + 3 + -5 is divided by i?
3
Suppose i + 6*r - 2*r = 15, -r = -5*i + 96. What is the remainder when 37 is divided by i?
18
Let p(j) = -4*j - 3. Let c be p(-2). Let l(b) = b. Let v be l(3). Let y = c - v. What is the remainder when y is divided by 1?
0
Suppose w - 8 = 17. Let f(k) = -k + 1. What is the remainder when w is divided by f(-6)?
4
Let d(v) = v**3 - 5*v**2 + v + 6. Calculate the remainder when 42 is divided by d(5).
9
Suppose 0 = 2*r + 2*m - 32, -3*r + 3*m + 36 = r. Calculate the remainder when r is divided by 5.
2
Let c(f) = 6*f**2 - 4*f - 4. Let b be c(-3). Let a(w) = -w**2 + 6*w + 3. Let v be a(6). Suppose -b = o - v*o. What is the remainder when o is divided by 11?
9
Let z = 6 + -4. Suppose z*h - 11 = h. What is the remainder when h is divided by 4?
3
Let f(k) = 2*k**2 + 6*k + 12. Calculate the remainder when f(-10) is divided by 26.
22
Suppose -13 = -4*r + 19. Calculate the remainder when r is divided by 6.
2
Let a(f) = 2*f + 1. Let r(n) = -2*n + 6. Let i be r(6). What is the remainder when a(2) is divided by (i/3)/((-4)/6)?
2
Let j = -260 + 307. Let z = -24 + 34. Calculate the remainder when j is divided by z.
7
Let p(t) = -t - 8. Let g(i) = i**3 + i + 2. Let n be g(0). Suppose -5*a + 20 = 3*f - 30, a = n*f - 29. Calculate the remainder when f is divided by p(-16).
7
Let w(p) = -2*p**2 + 23*p - 9. Suppose -3*y + 36 = 6. Calculate the remainder when (10/(-6))/(2/(-48)) is divided by w(y).
19
Suppose -6*q = -4*q - 4. Suppose o - q*o = -31. What is the remainder when o is divided by 12?
7
Let s = -10 - -17. Let n(r) = r**3 + 5*r**2 + 4*r + 2. Let t be n(-2). What is the remainder when t/(-9)*1*-30 is divided by s?
6
Let d = 6 + 0. Suppose 2*o = -4*n + 4 + d, -4*n + 23 = 3*o. Let c(m) = 38*m**2 - m. Calculate the remainder when c(1) is divided by o.
11
Let z be (-4)/14 - 186/(-14). Suppose 7 = -4*l - 13. Let y = z - l. What is the remainder when y is divided by 10?
8
Let x = -86 + 189. What is the remainder when x is divided by 21?
19
Let a(k) = k**2 - 10*k + 5. Let i be a(8). Let w = i - -21. What is the remainder when (-201)/(-7) - 7/(147/(-6)) is divided by w?
9
Suppose 7 + 15 = 2*o. Let n(j) = -2*j - 1. Let i be n(-8). Calculate the remainder when 5/i + 250/6 is divided by o.
9
Suppose 0 = 17*p - 15*p - 20. What is the remainder when 39 is divided by p?
9
Let w(y) be the first derivative of 5*y**4/2 + y**2/2 - y + 5. Calculate the remainder when w(1) is divided by 6.
4
Suppose 34 + 65 = 11*h. Calculate the remainder when 31 is divided by h.
4
Let y = 209 - 197. Calculate the remainder when 94 is divided by y.
10
Suppose -5*x = -4*w + 33, 5*w - 2*x = x + 25. Suppose 2*j = -45 - 99. Calculate the remainder when w/(2 - j/(-37)) is divided by 13.
11
Let y(z) = 2*z**2 - z. Let b be y(-8). Suppose 0*w - b = -4*w. Calculate the remainder when 99 is divided by w.
31
Let h be 2/(-7) - 18/(-14). Let a be (-9)/(-6)*88/6. What is the remainder when 59 is divided by a - 6/(3/h)?
19
Let h(b) = b**3 + 8*b**2 + 5*b - 8. Let n(r) = -8*r**3 - 2*r**2 + 1. Let c be n(-1). Suppose 5*f = 6*f + c. Calculate the remainder when 17 is divided by h(f).
5
Let n(j) = -j**2 + 8*j + 1. What is the remainder when 30 is divided by n(7)?
6
Let u be ((-18)/(-4))/((-3)/4). Let f be (-206)/(-14) - u/21. Let d = f + -8. Calculate the remainder when 13 is divided by d.
6
Calculate the remainder when ((-160)/100)/((-2)/85) is divided by 14.
12
What is the remainder when 37 is divided by (14/3)/(28/12 + -2)?
9
Suppose -3*n - 235 - 803 = -4*d, -2*d = 4*n - 508. What is the remainder when d is divided by 26?
24
Let y = -86 + 120. Calculate the remainder when 99 is divided by y.
31
Let m = -109 + 204. What is the remainder when m is divided by 1 + -2 + 2 + 15?
15
Let g = -4 - -15. Let c = -267 - -288. What is the remainder when c is divided by g?
10
Let u(c) = -10*c - 2. Suppose -2*f + 16 = -0*f. Suppose 0 = -3*i + 3*j + 171, -4*i + f*i + 5*j - 192 = 0. What is the remainder when i is divided by u(-2)?
17
Suppose 5*j - 4*k + 80 = 0, 4*k + 33 = -2*j + 1. What is the remainder when 49 is divided by (-8)/j*(-1 + 53)?
23
Let x(c) = -c**2 - 15*c + 9. Let u(i) = i**2 - 11. Let r be u(0). Calculate the remainder when x(r) is divided by 28.
25
Let j(o) = -o**3 + o**2 + o + 10. Let h(v) = -62*v - 35. Calculate the remainder when h(-1) is divided by j(0).
7
Calculate the remainder when (-460)/(-30)*(-3)/(-2) is divided by 14.
9
Suppose 0 = -3*s + b + 64, 0 = -s - 4*b + 9 + 8. Let i = -2 + s. Calculate the remainder when i is divided by 7.
5
Let y = 70 - 61. Calculate the remainder when y is divided by 5.
4
Suppose 0 = -4*h + h + 81. Calculate the remainder when h is divided by 7.
6
Calculate the remainder when 39 is divided by (-1 + 5 - -10)/1.
11
Let d be (4 + -30)/(-5 + 3). Suppose 2 + d = n. Calculate the remainder when 29 is divided by n.
14
Let k = 20 - 14. Let a(x) = -6*x - 2. What is the remainder when a(-4) is divided by k?
4
Let m(h) = -h**3 - 4*h**2 + 10*h + 7. Calculate the remainder when 74 is divided by m(-6).
17
Let h(j) = -j**3 - 5*j**2 + 2. Let t be h(-5). Let c(x) = -x**2 - 2*x + 14*x**2 + 1 + 0*x**t. Calculate the remainder when c(2) is divided by 13.
10
Suppose -346*r + 343*r = -117. Calculate the remainder when r is divided by 10.
9
Suppose 2*v + v = 30. Let i = -102 + 106. What is the remainder when 96/v + (-4)/(-10) is divided by i?
2
Let r = 224 + -149. Calculate the remainder when r is divided by 17.
7
Suppose -5*f + 0*f - 4*b + 19 = 0, -5*f - 3*b + 23 = 0. Calculate the remainder when 27 is divided by f.
6
Let i be ((-21)/9 - -2)*-6. Calculate the remainder when 29 is divided by i/5 - (-240)/25.
9
Suppose 5 = 5*r - 75. Suppose -5*b + r = -4*b. Suppose 3*o - 230 = -2*o. What is the remainder when o is divided by b?
14
Let f(q) = q**2 + 5*q + 3. Calculate the remainder when f(-11) is divided by 18.
15
Let y = 2 - 2. Let x be y/((-3)/3) + 